{"id":97,"date":"2020-02-19T08:41:44","date_gmt":"2020-02-19T07:41:44","guid":{"rendered":"https:\/\/www.per.johan.froysa.priv.no\/?page_id=97"},"modified":"2025-03-17T22:38:52","modified_gmt":"2025-03-17T21:38:52","slug":"om-meg","status":"publish","type":"page","link":"https:\/\/www.per.johan.froysa.priv.no\/index.php\/om-meg\/","title":{"rendered":"Om meg"},"content":{"rendered":"\n<figure class=\"wp-block-image alignleft size-thumbnail\"><img loading=\"lazy\" decoding=\"async\" width=\"150\" height=\"150\" src=\"https:\/\/www.per.johan.froysa.priv.no\/wp-content\/uploads\/2020\/02\/per-150x150.jpg\" alt=\"\" class=\"wp-image-98\" srcset=\"https:\/\/www.per.johan.froysa.priv.no\/wp-content\/uploads\/2020\/02\/per-150x150.jpg 150w, https:\/\/www.per.johan.froysa.priv.no\/wp-content\/uploads\/2020\/02\/per-160x160.jpg 160w, https:\/\/www.per.johan.froysa.priv.no\/wp-content\/uploads\/2020\/02\/per-320x320.jpg 320w\" sizes=\"auto, (max-width: 150px) 100vw, 150px\" \/><\/figure>\n\n\n\n<p>Jeg er pensjonert, men er aktiv med de samme interessene som f\u00f8r.  Jeg mekker fortsatt p\u00e5 bilen, lager elektronikk og skriver data-programmer. <\/p>\n\n\n\n<p>Jeg er spesielt interessert i smarthus-teknlogi. Ikke bare kan det gi meg lavere str\u00f8mrekning, men ogs\u00e5 forenkle hverdagen og gi \u00f8ket sikkerhet n\u00e5r alderen krever sitt.  <\/p>\n","protected":false},"excerpt":{"rendered":"<p>Jeg er pensjonert, men er aktiv med de samme interessene som f\u00f8r. Jeg mekker fortsatt p\u00e5 bilen, lager elektronikk og skriver data-programmer. Jeg er spesielt interessert i smarthus-teknlogi. Ikke bare kan det gi meg lavere str\u00f8mrekning, men ogs\u00e5 forenkle hverdagen og gi \u00f8ket sikkerhet n\u00e5r alderen krever sitt.<\/p>\n","protected":false},"author":1,"featured_media":0,"parent":0,"menu_order":0,"comment_status":"closed","ping_status":"closed","template":"","meta":{"footnotes":""},"class_list":["post-97","page","type-page","status-publish","hentry"],"_links":{"self":[{"href":"https:\/\/www.per.johan.froysa.priv.no\/index.php\/wp-json\/wp\/v2\/pages\/97","targetHints":{"allow":["GET"]}}],"collection":[{"href":"https:\/\/www.per.johan.froysa.priv.no\/index.php\/wp-json\/wp\/v2\/pages"}],"about":[{"href":"https:\/\/www.per.johan.froysa.priv.no\/index.php\/wp-json\/wp\/v2\/types\/page"}],"author":[{"embeddable":true,"href":"https:\/\/www.per.johan.froysa.priv.no\/index.php\/wp-json\/wp\/v2\/users\/1"}],"replies":[{"embeddable":true,"href":"https:\/\/www.per.johan.froysa.priv.no\/index.php\/wp-json\/wp\/v2\/comments?post=97"}],"version-history":[{"count":2,"href":"https:\/\/www.per.johan.froysa.priv.no\/index.php\/wp-json\/wp\/v2\/pages\/97\/revisions"}],"predecessor-version":[{"id":167,"href":"https:\/\/www.per.johan.froysa.priv.no\/index.php\/wp-json\/wp\/v2\/pages\/97\/revisions\/167"}],"wp:attachment":[{"href":"https:\/\/www.per.johan.froysa.priv.no\/index.php\/wp-json\/wp\/v2\/media?parent=97"}],"curies":[{"name":"wp","href":"https:\/\/api.w.org\/{rel}","templated":true}]}}